 in base 12?
b470
Convert -233711 (base 8) to base 6.
-1413305
Convert 1010020012 (base 4) to base 2.
1000100001000000110
What is -173e5 (base 15) in base 11?
-514aa
Convert 2125957 (base 11) to base 7.
43541316
Convert -3011114 (base 5) to base 16.
-ba2b
Convert -b64df (base 16) to base 8.
-2662337
Convert -2769bf (base 16) to base 2.
-1001110110100110111111
What is 20770671 (base 8) in base 15?
5ce52d
What is -3343330304 (base 5) in base 13?
-16c2171
-bc405 (base 15) to base 14
-118064
What is -20110022110202 (base 3) in base 4?
-31011221222
-16a2c5 (base 13) to base 11
-356653
What is 17061144 (base 9) in base 3?
121002001011111
Convert 1890312 (base 10) to base 14.
372c64
-198a00a (base 12) to base 9
-11153241
Convert 3d8e5 (base 16) to base 14.
67c57
-7774263 (base 8) to base 14
-3c7831
What is 3333130 (base 5) in base 15?
1252a
What is ec384 (base 15) in base 3?
1102002212121
Convert 11102012220 (base 3) to base 11.
5a32a
1129689 (base 11) to base 15
290166
What is -23472 (base 13) in base 16?
-fbe2
12570b7 (base 12) to base 6
205052351
Convert -10110011101110001010 (base 2) to base 8.
-2635612
-10429 (base 16) to base 14
-1a3b3
What is 5515432 (base 7) in base 16?
a5307
What is -40332001 (base 5) in base 14?
-8610d
1d5582 (base 14) to base 9
1873120
Convert -3564631 (base 11) to base 3.
-102200200211021
Convert 10aa553 (base 16) to base 12.
5a28957
Convert -20641623 (base 7) to base 2.
-110101101001111101010
Convert -1464721 (base 8) to base 9.
-710485
Convert 6dc7d (base 14) to base 12.
10b55b
Convert -1970b0 (base 16) to base 6.
-55422424
Convert 1212020011010 (base 3) to base 6.
33105003
What is -3140134440 (base 5) in base 12?
-2248bb4
What is -234568 (base 9) in base 8?
-423554
Convert -7bb6ab (base 14) to base 15.
-585070
Convert 10b54 (base 13) to base 8.
73431
Convert -c3c3 (base 15) to base 12.
-1bb26
What is 130220220 (base 4) in base 13?
41502
What is 11010022021000 (base 3) in base 14?
4105a2
-10000001010010110011011 (base 2) to base 15
-58a4b9
-bc871b (base 14) to base 3
-110001011201001
Convert -2673120 (base 8) to base 4.
-2313121100
Convert 2131131130 (base 4) to base 3.
1012202201021
Convert 2041aa (base 11) to base 13.
b61b2
What is 221004055 (base 6) in base 2?
1111001000011011000011
What is -44535c (base 13) in base 2?
-110001001010011101001
-10219a (base 14) to base 11
-3414a2
Convert -4577026 (base 8) to base 3.
-2100020101210
What is -120340620 (base 7) in base 10?
-7472220
What is 12021112200 (base 3) in base 15?
20bc9
What is -1091314 (base 11) in base 4?
-13101012033
2111213303 (base 4) to base 6
21045135
What is 4328633 (base 9) in base 5?
1043304011
2688082 (base 9) to base 5
334204240
Convert 153a69b (base 15) to base 9.
31833012
Convert 58a57 (base 13) to base 9.
266368
What is 37bb84 (base 12) in base 14?
19a6b2
-3203523 (base 10) to base 11
-1898944
-16c49b (base 13) to base 16
-8b1e3
Convert 2862127 (base 9) to base 11.
987253
What is 2a5650 (base 11) in base 5?
110212243
What is 160908 (base 10) in base 3?
22011201120
What is -150562 (base 11) in base 8?
-712661
Convert -2021020200211 (base 3) to base 8.
-4462451
70bd (base 15) to base 2
101110011111011
Convert -27858 (base 15) to base 3.
-20102212202
Convert 27417 (base 10) to base 9.
41543
Convert 200102102 (base 5) to base 14.
165d48
What is -1320447 (base 9) in base 14?
-14b20d
Convert -65c89 (base 13) to base 12.
-8a924
104231400 (base 5) to base 12
1a3083
-51276 (base 9) to base 7
-200304
100211012011111 (base 3) to base 15
6d18e1
Convert -1a625 (base 15) to base 6.
-1501012
What is -1001111111011001 (base 2) in base 5?
-2302141
100223300302 (base 4) to base 5
2104423204
What is 20212000001 (base 3) in base 7?
1101124
2321731 (base 10) to base 6
121432431
Convert -3767f (base 16) to base 5.
-24230233
-112011332 (base 4) to base 8
-260576
What is 1323543443 (base 6) in base 9?
32754510
-1877078 (base 11) to base 8
-14063022
What is 814993 (base 10) in base 16?
c6f91
Convert -441422 (base 6) to base 5.
-2133122
Convert -148639 (base 16) to base 10.
-1345081
Convert 10002102121 (base 3) to base 8.
166624
Convert -1002202101 (base 3) to base 9.
-32671
Convert 11415354 (base 6) to base 9.
608107
-1002230202 (base 4) to base 9
-455660
Convert 5201143 (base 7) to base 6.
21200534
Convert -2022646 (base 7) to base 3.
-110020202011
Convert 25413340 (base 6) to base 2.
11001001101111011100
Convert -2c1c2b (base 13) to base 11.
-684688
-31b70d (base 16) to base 11
-1925972
Convert -220200022112002 (base 3) to base 9.
-26608462
-106f6d (base 16) to base 6
-35030325
What is -12200233201 (base 4) in base 7?
-20336416
Convert 531315143 (base 6) to base 5.
4340412221
Convert 40025 (base 9) to base 5.
1320032
What is 10202212202 (base 3) in base 12?
36b92
What is -337b353 (base 12) in base 13?
-207710a
20100 (base 11) to base 9
44300
Convert 20110202111002 (base 3) to base 11.
1a3a399
What is 444120130 (base 5) in base 9?
3578723
What is 110111210333 (base 4) in base 16?
51593f
Convert -2335261 (base 7) to base 12.
-12270a
1405371 (base 13) to base 16
607d6d
43bb0 (base 13) to base 7
1021061
-102556231 (base 7) to base 3
-102110211022121
-10100101100010100 (base 2) to base 6
-1452220
-101100011101101111 (base 2) to base 14
-4a531
What is 6344207 (base 8) in base 14?
31db15
2001010221 (base 3) to base 14
10917
What is 54604 (base 9) in base 8?
106563
Convert 7a549 (base 11) to base 15.
2478a
-600c95 (base 13) to base 12
-8b6558
What is -3497aa (base 14) in base 15?
-25656e
Convert 11000110010001101100 (base 2) to base 16.
c646c
85655a (base 11) to base 10
1370269
What is 2686a1 (base 11) in base 14?
ad825
Convert -197c14 (base 13) to base 7.
-5326462
What is -12011001202202 (base 3) in base 11?
-15aa578
What is 137845 (base 11) in base 4?
310210030
-599493 (base 10) to base 16
-925c5
What is 6762636 (base 9) in base 8?
15713704
-1925330 (base 10) to base 12
-78a242
Convert 20033215 (base 6) to base 7.
4540514
Convert -1403000221 (base 5) to base 14.
-68a449
Convert -1020102012102 (base 3) to base 9.
-1212172
99896 (base 12) to base 15
4042c
Convert -aa5cae (base 15) to base 2.
-11110111110010110111011
What is 2950a (base 14) in base 2?
11001000001110110
-50ccd (base 16) to base 14
-8887b
Convert 153197 (base 16) to base 11.
8695a3
What is -1102232002 (base 4) in base 5?
-41320233
What is 246253 (base 7) in base 2?
1011000101100100
What is 1a2a2 (base 11) in base 4?
12322101
2010012111021 (base 3) to base 14
21447c
-132b73 (base 12) to base 14
-83315
-18002 (base 10) to base 3
-220200202
Convert -17001621 (base 9) to base 15.
-b2ebca
34030034 (base 5) to base 10
298769
Convert -2010101121010 (base 3) to base 9.
-2111533
Convert -71699 (base 12) to base 8.
-440625
What is 176306 (base 9) in base 16?
1ac1f
What is -31602410 (base 8) in base 7?
-111246443
Convert 18ce4 (base 16) to base 14.
29056
What is -10944 (base 10) in base 3?
-120000100
1031322011 (base 5) to base 4
20130201312
What is -1110200112201 (base 3) in base 8?
-2765544
What is 1696cb (base 15) in base 8?
4132601
Convert 12201101120210 (base 3) to base 7.
34554522
-90627 (base 11) to base 5
-13220044
What is 203200213 (base 5) in base 11?
51aa16
What is 8059 (base 14) in base 12?
108bb
What is 416135 (base 9) in base 15?
4d3ce
Convert 10726147 (base 9) to base 5.
2313321212
What is 74a58 (base 11) in base 7?
633013
Convert 4004324 (base 6) to base 16.
2dcdc
Convert 43212441 (base 5) to base 15.
73966
-101211021 (base 4) to base 8
-214511
Convert -14a609b (base 12) to base 8.
-20011367
What is -cb28 (base 16) in base 12?
-26120
What is 12210334 (base 5) in base 14?
30584
Convert 5761a6 (base 11) to base 13.
260bbb
What is -3103211 (base 8) in base 6?
-25332201
What is -361351 (base 9) in base 12?
-a5a77
-3637 (base 13) to base 11
-5826
What is -24044223 (base 5) in base 4?
-312021311
-30203311300 (base 4) to base 6
-154323104
Convert -200000220120 (base 3) to base 10.
-354957
-74762 (base 8) to base 4
-13213302
Convert -202226 (base 14) to base 12.
-441aa2
What is 3be4e (base 16) in base 10?
245326
Convert -3201232002 (base 4) to base 2.
-11100001101110000010
Convert -303403 (base 6) to base 16.
-5e3b
What is 610155 (base 8) in base 11?
127968
Convert -20431174 (base 8) to base 5.
-2102311200
What is